se 5*t - 139 - r = i. Calculate the greatest common divisor of t and 4.
4
Suppose 6*y - 2*y = 0. Suppose 72 = -y*i + 4*i. Calculate the greatest common factor of i and 9.
9
Suppose 3*v - 71 = -26. Let z be -1 + (2 - -16) - 2. What is the highest common divisor of z and v?
15
Let c be (20/(-8))/((-6)/36). Calculate the highest common divisor of 45 and c.
15
Let s(o) = -o**2 - 3*o - 8. Let m be s(-6). Let z = m + 75. What is the highest common divisor of 7 and z?
7
Suppose 10 = -3*y + 34. Let d be (y/3)/(8/12). Let t be d/(16/(-162))*-2. What is the greatest common divisor of t and 9?
9
Suppose -3*a - 4 = -2*d - 6*a, -2 = -d - 3*a. Suppose 0*i = -d*i + 198. Let q = 167 - i. Calculate the greatest common divisor of 17 and q.
17
Let g be 1/3 + (-25)/3. Let n = g + 24. Let a(o) = 43*o**2 - o + 2. Let m be a(-2). Calculate the greatest common divisor of n and m.
16
Let w(r) = -28*r + 1. Let s be w(-6). Let y = 474 + -209. Let b = y - s. What is the greatest common factor of 12 and b?
12
Let c = 3 - 1. Let a be (-15)/(0 - (c + -1)). Let j = a - 8. Calculate the greatest common factor of j and 49.
7
Suppose -2*n = -8*n + 84. What is the greatest common factor of n and 21?
7
Let r(z) = 265*z**3 + z**2 - z - 1. Let f be r(1). What is the greatest common factor of 44 and f?
44
Let u be (3/2)/(6/56). Let q(b) = b + 1. Let o be q(-5). Let v(n) = -n**3 - 4*n**2 - 5*n - 6. Let w be v(o). Calculate the highest common divisor of w and u.
14
Suppose -2*p - 66 = 2*f - 7*f, 0 = -4*f + 5*p + 63. What is the greatest common divisor of f and 66?
6
Suppose 0 = -4*g + 5*g - 44. What is the highest common divisor of 33 and g?
11
Suppose -6*f + f + 5 = 0. Let y be 4 - f - (1 + -1). Calculate the greatest common divisor of y and 33.
3
Suppose 4*f - 124 = -5*w, f + f = w - 36. Calculate the greatest common factor of w and 70.
14
Suppose y - 31 = 3*v + 11, -2*y - v = -70. Calculate the highest common divisor of 108 and y.
36
Let f = 89 - 39. What is the highest common divisor of f and 10?
10
Suppose -5*p + 155 = -85. Let c = -5 - 0. Let z(g) = -g + 7. Let l be z(c). Calculate the highest common factor of p and l.
12
Suppose 4*k + 5 = 2*d + 675, -4*k + 675 = -3*d. Let y = k + -75. Calculate the highest common factor of 10 and y.
10
Let m = -170 + 260. Calculate the highest common divisor of m and 18.
18
Let s(p) = -21*p**3 - p**2. Let r be ((-4)/12)/(1/3). Let x be s(r). Let k(n) = 11*n**2 - n + 4. Let b be k(3). What is the highest common divisor of b and x?
20
Suppose o - 4*o = -3. Let b be ((-18)/3)/(3/(-2)). What is the highest common divisor of b and o?
1
Let q = 3 - -8. Calculate the highest common factor of q and 77.
11
Let s(r) = -r**3 + 4*r**2 + 7*r - 4. Let b be s(5). Suppose 3*l = -50 - 163. Let t be (l - 1)*(-4)/6. Calculate the highest common divisor of t and b.
6
Let o be 4/(-2) - (8 + -4). Let j(k) = -1. Let w(m) = -m - 7. Let l(n) = o*j(n) - w(n). Let p be l(-10). Calculate the greatest common factor of p and 9.
3
Let p be -1 - 1/((-1)/61). Suppose -5*w + p = -2*w. What is the highest common divisor of 4 and w?
4
Suppose 36*s - 72 = 34*s. What is the greatest common factor of s and 24?
12
Suppose -2*z + 0*z = -4. Suppose 3*q = f - 263, -q + z*q = 3*f - 797. Let n be (-6)/4*f/(-21). Calculate the greatest common divisor of 152 and n.
19
Suppose 0 = 3*f + 2*f - 2080. Calculate the highest common divisor of 52 and f.
52
Suppose 9*w - 45 = 4*w. Calculate the greatest common divisor of w and 6.
3
Let x = -108 - -137. What is the highest common factor of x and 261?
29
Suppose 3*h = -0*h - 15. Let a(q) = -q**2 - 8*q - 2. Let v be a(h). Suppose -2*t + 3*t = 91. What is the greatest common factor of t and v?
13
Let r(v) = 2 + 2 - 2 + v**3 - 6 - 8*v**2. Let j be r(8). Let t(y) = y**3 + 6*y**2 - 4*y - 3. Let k be t(j). Calculate the highest common divisor of 9 and k.
9
Suppose 3*r + r = 2*x - 14, -5*r = 3*x + 23. Let w = 19 + r. Calculate the highest common divisor of 5 and w.
5
Let z(p) = -p**2 + p + 5. Let v be z(0). Let j(n) = 5*n - 5. Let g be j(v). Suppose -g = m - 5*m. What is the greatest common factor of 2 and m?
1
Let u = 2 - -46. Let q(l) = l**2 + 6*l + 6. Let h be q(-6). Calculate the greatest common factor of h and u.
6
Let c(g) = g**2 - 2*g - 1. Let l be c(-7). Calculate the greatest common factor of l and 93.
31
Suppose -5*m + 20 = 5*s, -7 = -5*s + s + 5*m. Suppose 294 = -y + s*y. What is the greatest common divisor of y and 21?
21
Suppose 26 = 10*h - 114. Calculate the greatest common factor of 154 and h.
14
Suppose -7*r + 3*r - 40 = 0. Let c = r + 18. Calculate the highest common divisor of 24 and c.
8
Let z = -71 - -20. Let q = z + 71. Let m be (-1)/(-1 - -2)*-5. What is the greatest common factor of q and m?
5
Let l(d) = d**3 - 20. Let i be l(0). Let h = i + 30. Calculate the highest common factor of h and 80.
10
Let t = 88 - 32. Let k(m) be the second derivative of 2*m**5/5 - m**4/6 + m**3/6 + m. Let v be k(1). What is the highest common divisor of v and t?
7
Let a = 47 - -43. Suppose -118 = -5*w + 47. Let q be (w - -1) + (1 - -1). What is the greatest common factor of q and a?
18
Suppose 9*b + 15 = 69. Calculate the greatest common divisor of 18 and b.
6
Suppose x - 11 = 3*r, 47 = 5*x - 2*r - 73. Calculate the greatest common divisor of x and 13.
13
Let x be ((-20)/(-8) - 1)*2 + 25. Let q(t) = t**2 - 5*t - 8. Let w be q(6). Let j = x + w. What is the highest common factor of j and 13?
13
Suppose -5*n + 7 = 3*b, -2*n = 4*b - n + 2. Let u be 0 + (-6 - -1)*b. Suppose -u*f - 9 = -8*f. Calculate the highest common factor of f and 3.
3
Suppose l = -4*p - 10, 3*l - 5*p + 0 = 4. Let x be (-2)/(l/8*2). What is the greatest common factor of 6 and x?
2
Suppose 920 = 4*y - 2*b, -4*y + y - 2*b = -704. Let j = 386 - y. Calculate the greatest common divisor of 22 and j.
22
Let t(y) = -y**3 + 4*y**2 + 15*y - 17. Let m be t(6). Suppose 4*j = -2*b + 23 + 3, 0 = -2*j + 8. What is the greatest common divisor of m and b?
1
Let j be (-3 - 17)/((-2)/11). What is the highest common divisor of 11 and j?
11
Suppose 3*i = -7 + 103. Suppose -8 = 2*x - 4. Let g be x/1*1 + 10. Calculate the greatest common divisor of g and i.
8
Suppose 9*l - 6*l = 54. What is the greatest common factor of 12 and l?
6
Let q(j) = -j**2 - j + 12. Let n be q(0). Let y(s) = -s**3 - s**2 - 6*s. Let f be y(-3). What is the greatest common factor of n and f?
12
Let z(x) = -x**2 + 11*x + 13. Let a be z(11). Let s be (3/((-6)/(-26)))/1. Calculate the highest common factor of s and a.
13
Suppose 2*o + t = 61, 6*o = 2*o - t + 121. Let d be ((-4)/10)/(1/5). Let m be d/((-27)/(-30) - 1). What is the greatest common factor of o and m?
10
Let z(f) = -f**2 + 6*f - 6. Let s be z(4). Let w be (4/(-2))/s - -47. What is the highest common factor of w and 115?
23
Let x(o) = 10*o - 24. Let m be x(7). Calculate the greatest common divisor of m and 69.
23
Let n(p) = -p**3 - 5*p**2 + 5*p + 2. Let m be n(-6). Let y be (-4)/14 - (-96)/42. Calculate the highest common divisor of m and y.
2
Suppose -2*f - 316 = -4*x - f, -3*f - 68 = -x. What is the greatest common factor of x and 8?
8
Suppose 3*a - 5*x = 185, a - 67 = -0*a + 3*x. Suppose -2 + 0 = d. Let c be d + (-2 - -4) + 22. What is the highest common factor of c and a?
11
Let w be (15/2)/(2/20). Let h = -9 + 14. Suppose -49 = -3*l - 0*y + 2*y, -h*y + 35 = 3*l. Calculate the greatest common factor of l and w.
15
Suppose 5 = 4*u + s, 0*u + 2*s - 4 = -2*u. Let d(w) = -w**3 + 10*w**2 + 1. Let h be d(10). Calculate the greatest common divisor of h and u.
1
Let z(i) = -i - 3. Let d be z(-5). Let o be (d - 0)/((-14)/(-560)). What is the greatest common divisor of 16 and o?
16
Suppose 4*i + 3*z - 51 = 0, i + z + 3*z = 16. What is the highest common factor of i and 12?
12
Let f be -3 + 2 - 3/3. Let v be f/(-5) - 234/(-15). Suppose -v = -3*c - 4*g + 17, -16 = -4*c + 4*g. Calculate the greatest common factor of c and 49.
7
Suppose 0 = d - 3 + 354. Let f = -247 - d. What is the greatest common factor of f and 13?
13
Let t be 19 + ((-32)/(-12))/(-4)*6. Suppose -610 = -5*s - 0*s. Suppose 0*w - 4*w = -h + 64, 0 = -2*h + 2*w + s. What is the highest common divisor of t and h?
15
Let w = -10 + 16. Let r(i) = -i**3 + 6*i**2 + 6. Let u be r(w). Let j be (-4)/(-6) - (-25)/3. Calculate 